{"id":1046,"date":"2025-05-02T17:47:20","date_gmt":"2025-05-02T17:47:20","guid":{"rendered":"http:\/\/fogamico.com.mx\/?page_id=1046"},"modified":"2026-02-15T17:41:29","modified_gmt":"2026-02-15T17:41:29","slug":"ejercicio-2025","status":"publish","type":"page","link":"http:\/\/fogamico.com.mx\/?page_id=1046","title":{"rendered":"Ejercicio 2025"},"content":{"rendered":"\n<p><\/p>\n\n\n\n<p><a rel=\"noreferrer noopener\" href=\"http:\/\/fogamico.com.mx\/2025\/1er_trim_2025.pdf\" data-type=\"URL\" data-id=\"fogamico.com.mx\/2025\/1er_trim_2025.pdf\" target=\"_blank\">-Informe de Avance Gesti\u00f3n Financiera al PRIMER TRIMESTRE<\/a><\/p>\n\n\n\n<p><a rel=\"noreferrer noopener\" href=\"http:\/\/fogamico.com.mx\/2025\/2ndo_trim_2025.pdf\" data-type=\"URL\" target=\"_blank\">-Informe de Avance Gesti\u00f3n Financiera al SEGUNDO TRIMESTRE<\/a><\/p>\n\n\n\n<p><a href=\"http:\/\/fogamico.com.mx\/2025\/3er_trim_2025.pdf\">-Informe de Avance Gesti\u00f3n Financiera al TERCER TRIMESTRE<\/a><\/p>\n\n\n\n<p><a href=\"http:\/\/fogamico.com.mx\/2025\/4to_trim_2025.pdf\">-Informe de Avance Gesti\u00f3n Financiera al CUARTO TRIMESTRE<\/a><\/p>\n\n\n\n<p><\/p>\n\n\n\n<p><\/p>\n\n\n\n<p><\/p>\n\n\n\n<p><\/p>\n\n\n\n<p><\/p>\n","protected":false},"excerpt":{"rendered":"<p>-Informe de Avance Gesti\u00f3n Financiera al PRIMER TRIMESTRE -Informe de Avance Gesti\u00f3n Financiera al SEGUNDO TRIMESTRE -Informe de Avance Gesti\u00f3n Financiera al TERCER TRIMESTRE -Informe de Avance Gesti\u00f3n Financiera al CUARTO TRIMESTRE<\/p>\n","protected":false},"author":1,"featured_media":0,"parent":105,"menu_order":0,"comment_status":"closed","ping_status":"closed","template":"","meta":[],"_links":{"self":[{"href":"http:\/\/fogamico.com.mx\/index.php?rest_route=\/wp\/v2\/pages\/1046"}],"collection":[{"href":"http:\/\/fogamico.com.mx\/index.php?rest_route=\/wp\/v2\/pages"}],"about":[{"href":"http:\/\/fogamico.com.mx\/index.php?rest_route=\/wp\/v2\/types\/page"}],"author":[{"embeddable":true,"href":"http:\/\/fogamico.com.mx\/index.php?rest_route=\/wp\/v2\/users\/1"}],"replies":[{"embeddable":true,"href":"http:\/\/fogamico.com.mx\/index.php?rest_route=%2Fwp%2Fv2%2Fcomments&post=1046"}],"version-history":[{"count":8,"href":"http:\/\/fogamico.com.mx\/index.php?rest_route=\/wp\/v2\/pages\/1046\/revisions"}],"predecessor-version":[{"id":1070,"href":"http:\/\/fogamico.com.mx\/index.php?rest_route=\/wp\/v2\/pages\/1046\/revisions\/1070"}],"up":[{"embeddable":true,"href":"http:\/\/fogamico.com.mx\/index.php?rest_route=\/wp\/v2\/pages\/105"}],"wp:attachment":[{"href":"http:\/\/fogamico.com.mx\/index.php?rest_route=%2Fwp%2Fv2%2Fmedia&parent=1046"}],"curies":[{"name":"wp","href":"https:\/\/api.w.org\/{rel}","templated":true}]}}