{"id":42,"date":"2014-10-29T18:58:48","date_gmt":"2014-10-29T18:58:48","guid":{"rendered":"http:\/\/fogamico.com.mx\/?page_id=42"},"modified":"2023-08-11T20:53:17","modified_gmt":"2023-08-11T20:53:17","slug":"directorio-de-servidores-publicos","status":"publish","type":"page","link":"http:\/\/fogamico.com.mx\/?page_id=42","title":{"rendered":"Directorio de Servidores P\u00fablicos FOGAMICO"},"content":{"rendered":"<table border=\"1\">\n<tbody>\n<tr>\n<td rowspan=\"4\" width=\"150\"><a href=\"http:\/\/fogamico.com.mx\/wp-content\/uploads\/2019\/06\/WhatsApp-Image-2019-06-07-at-10.51.55-1.jpeg\"><img loading=\"lazy\" class=\"alignright size-full wp-image-598\" src=\"http:\/\/fogamico.com.mx\/wp-content\/uploads\/2019\/06\/WhatsApp-Image-2019-06-07-at-10.51.55-1.jpeg\" alt=\"\" width=\"612\" height=\"685\" \/><\/a><\/td>\n<td style=\"text-align: right;\">Nombre:<\/td>\n<td style=\"text-align: left;\">Ing. y Lic. Luis Fernando Santos Flores.<\/td>\n<\/tr>\n<tr>\n<td style=\"text-align: right;\">Direcci\u00f3n:<\/td>\n<td style=\"text-align: left;\">Pte. Ju\u00e1rez #1004-A, Prol. Progreso, Nva. Rosita, Coahuila.<\/td>\n<\/tr>\n<tr>\n<td style=\"text-align: right;\">Tel\u00e9fono:<\/td>\n<td style=\"text-align: left;\">01 (861) 688-01-68<\/td>\n<\/tr>\n<tr>\n<td style=\"text-align: right;\">Nivel:<\/td>\n<td style=\"text-align: left;\">MMS02<\/td>\n<\/tr>\n<\/tbody>\n<\/table>\n<table>\n<tbody>\n<tr>\n<td rowspan=\"4\" width=\"150\"><a href=\"http:\/\/fogamico.com.mx\/wp-content\/uploads\/2014\/11\/juan_rdz.jpg\"><img loading=\"lazy\" class=\"alignnone size-thumbnail wp-image-149\" src=\"http:\/\/fogamico.com.mx\/wp-content\/uploads\/2014\/11\/juan_rdz-150x150.jpg\" alt=\"juan_rdz\" width=\"150\" height=\"150\" srcset=\"http:\/\/fogamico.com.mx\/wp-content\/uploads\/2014\/11\/juan_rdz-150x150.jpg 150w, http:\/\/fogamico.com.mx\/wp-content\/uploads\/2014\/11\/juan_rdz-90x90.jpg 90w, http:\/\/fogamico.com.mx\/wp-content\/uploads\/2014\/11\/juan_rdz-75x75.jpg 75w\" sizes=\"(max-width: 150px) 100vw, 150px\" \/><\/a><\/td>\n<td style=\"text-align: right;\">Nombre:<\/td>\n<td style=\"text-align: left;\">Lic. Juan Rodr\u00edguez Mart\u00ednez.<\/td>\n<\/tr>\n<tr>\n<td style=\"text-align: right;\">Direcci\u00f3n:<\/td>\n<td style=\"text-align: left;\">Pte. Ju\u00e1rez #1004-A, Prol. Progreso, Nva. Rosita, Coahuila.<\/td>\n<\/tr>\n<tr>\n<td style=\"text-align: right;\">Tel\u00e9fono:<\/td>\n<td style=\"text-align: left;\">01 (861) 688-01-68<\/td>\n<\/tr>\n<tr>\n<td style=\"text-align: right;\">Nivel:<\/td>\n<td style=\"text-align: left;\">MM05<\/td>\n<\/tr>\n<\/tbody>\n<\/table>\n<table>\n<tbody>\n<tr>\n<td rowspan=\"4\" width=\"150\"><a href=\"http:\/\/fogamico.com.mx\/wp-content\/uploads\/2014\/11\/cesar_rendon.jpg\"><img loading=\"lazy\" class=\"alignnone size-thumbnail wp-image-147\" src=\"http:\/\/fogamico.com.mx\/wp-content\/uploads\/2014\/11\/cesar_rendon-150x150.jpg\" alt=\"cesar_rendon\" width=\"150\" height=\"150\" srcset=\"http:\/\/fogamico.com.mx\/wp-content\/uploads\/2014\/11\/cesar_rendon-150x150.jpg 150w, http:\/\/fogamico.com.mx\/wp-content\/uploads\/2014\/11\/cesar_rendon-90x90.jpg 90w, http:\/\/fogamico.com.mx\/wp-content\/uploads\/2014\/11\/cesar_rendon-75x75.jpg 75w\" sizes=\"(max-width: 150px) 100vw, 150px\" \/><\/a><\/td>\n<td style=\"text-align: right;\">Nombre:<\/td>\n<td style=\"text-align: left;\">C.P. C\u00e9sar Rendon Tea.<\/td>\n<\/tr>\n<tr>\n<td style=\"text-align: right;\">Direcci\u00f3n:<\/td>\n<td style=\"text-align: left;\">Pte. Ju\u00e1rez #1004-A, Prol. Progreso, Nva. Rosita, Coahuila.<\/td>\n<\/tr>\n<tr>\n<td style=\"text-align: right;\">Tel\u00e9fono:<\/td>\n<td style=\"text-align: left;\">01 (861) 688-01-68<\/td>\n<\/tr>\n<tr>\n<td style=\"text-align: right;\">Nivel:<\/td>\n<td style=\"text-align: left;\">MM04<\/td>\n<\/tr>\n<\/tbody>\n<\/table>\n<table>\n<tbody>\n<tr>\n<td rowspan=\"4\" width=\"150\">\u00a0<a href=\"http:\/\/fogamico.com.mx\/wp-content\/uploads\/2014\/11\/eufemia.jpg\"><img loading=\"lazy\" class=\"alignnone size-thumbnail wp-image-148\" src=\"http:\/\/fogamico.com.mx\/wp-content\/uploads\/2014\/11\/eufemia-150x150.jpg\" alt=\"eufemia\" width=\"150\" height=\"150\" srcset=\"http:\/\/fogamico.com.mx\/wp-content\/uploads\/2014\/11\/eufemia-150x150.jpg 150w, http:\/\/fogamico.com.mx\/wp-content\/uploads\/2014\/11\/eufemia-90x90.jpg 90w, http:\/\/fogamico.com.mx\/wp-content\/uploads\/2014\/11\/eufemia-75x75.jpg 75w\" sizes=\"(max-width: 150px) 100vw, 150px\" \/><\/a><\/td>\n<td style=\"text-align: right;\">Nombre:<\/td>\n<td>C.P. Eufemia Campos Villarreal.<\/td>\n<\/tr>\n<tr>\n<td style=\"text-align: right;\">Direcci\u00f3n:<\/td>\n<td>Pte. Ju\u00e1rez #1004-A, Prol. Progreso, Nva. Rosita, Coahuila.<\/td>\n<\/tr>\n<tr>\n<td style=\"text-align: right;\">Tel\u00e9fono:<\/td>\n<td>01 (861) 688-01-68<\/td>\n<\/tr>\n<tr>\n<td style=\"text-align: right;\">Nivel:<\/td>\n<td>MM03<\/td>\n<\/tr>\n<\/tbody>\n<\/table>\n<table>\n<tbody>\n<tr>\n<td rowspan=\"4\" width=\"150\"><a href=\"http:\/\/fogamico.com.mx\/wp-content\/uploads\/2014\/10\/IMG_1084.jpg\"><img loading=\"lazy\" class=\"alignnone size-thumbnail wp-image-234\" src=\"http:\/\/fogamico.com.mx\/wp-content\/uploads\/2014\/10\/IMG_1084-150x150.jpg\" alt=\"IMG_1084\" width=\"150\" height=\"150\" srcset=\"http:\/\/fogamico.com.mx\/wp-content\/uploads\/2014\/10\/IMG_1084-150x150.jpg 150w, http:\/\/fogamico.com.mx\/wp-content\/uploads\/2014\/10\/IMG_1084-90x90.jpg 90w, http:\/\/fogamico.com.mx\/wp-content\/uploads\/2014\/10\/IMG_1084-75x75.jpg 75w\" sizes=\"(max-width: 150px) 100vw, 150px\" \/><\/a><\/td>\n<td style=\"text-align: right;\">Nombre:<\/td>\n<td>C.P. M\u00f3nica A. P\u00e9rez Bernal<\/td>\n<\/tr>\n<tr>\n<td style=\"text-align: right;\">Direcci\u00f3n:<\/td>\n<td>Pte. Ju\u00e1rez #1004-A, Prol. Progreso, Nva. Rosita, Coahuila.<\/td>\n<\/tr>\n<tr>\n<td style=\"text-align: right;\">Tel\u00e9fono:<\/td>\n<td>01 (861) 688-01-68<\/td>\n<\/tr>\n<tr>\n<td style=\"text-align: right;\">Nivel:<\/td>\n<td>MM05<\/td>\n<\/tr>\n<\/tbody>\n<\/table>\n<table>\n<tbody>\n<tr>\n<td rowspan=\"4\" width=\"150\"><a href=\"http:\/\/fogamico.com.mx\/wp-content\/uploads\/2019\/06\/WhatsApp-Image-2019-06-06-at-10.22.05.jpeg\"><img loading=\"lazy\" class=\"alignright size-full wp-image-593\" src=\"http:\/\/fogamico.com.mx\/wp-content\/uploads\/2019\/06\/WhatsApp-Image-2019-06-06-at-10.22.05.jpeg\" alt=\"\" width=\"507\" height=\"646\" \/><\/a><\/td>\n<td style=\"text-align: right;\">Nombre:<\/td>\n<td>Lic. Jonathan Alejandro Vald\u00e9s del Bosque<\/td>\n<\/tr>\n<tr>\n<td style=\"text-align: right;\">Direcci\u00f3n:<\/td>\n<td>Pte. Ju\u00e1rez #1004-A, Prol. Progreso, Nva. Rosita, Coahuila.<\/td>\n<\/tr>\n<tr>\n<td style=\"text-align: right;\">Tel\u00e9fono:<\/td>\n<td>01 (861) 688-01-68<\/td>\n<\/tr>\n<tr>\n<td style=\"text-align: right;\">Nivel:<\/td>\n<td>MM05<\/td>\n<\/tr>\n<\/tbody>\n<\/table>\n<table>\n<tbody>\n<tr style=\"height: 28.8833px;\">\n<td style=\"height: 112.883px;\" rowspan=\"4\" width=\"150\"><a href=\"http:\/\/fogamico.com.mx\/wp-content\/uploads\/2019\/06\/WhatsApp-Image-2019-06-06-at-11.51.061.jpeg\"><img loading=\"lazy\" class=\"alignright size-full wp-image-590\" src=\"http:\/\/fogamico.com.mx\/wp-content\/uploads\/2019\/06\/WhatsApp-Image-2019-06-06-at-11.51.061.jpeg\" alt=\"\" width=\"478\" height=\"490\" \/><\/a><\/td>\n<td style=\"text-align: right; height: 28.8833px;\">Nombre:<\/td>\n<td style=\"height: 28.8833px;\">Lic. Juan Jabib Isaac Chaib<\/td>\n<\/tr>\n<tr style=\"height: 28px;\">\n<td style=\"text-align: right; height: 28px;\">Direcci\u00f3n:<\/td>\n<td style=\"height: 28px;\">Pte. Ju\u00e1rez #1004-A, Prol. Progreso, Nva. Rosita, Coahuila.<\/td>\n<\/tr>\n<tr style=\"height: 28px;\">\n<td style=\"text-align: right; height: 28px;\">Tel\u00e9fono:<\/td>\n<td style=\"height: 28px;\">01 (861) 688-01-68<\/td>\n<\/tr>\n<tr style=\"height: 28px;\">\n<td style=\"text-align: right; height: 28px;\">Nivel:<\/td>\n<td style=\"height: 28px;\">MM02<\/td>\n<\/tr>\n<\/tbody>\n<\/table>\n<table>\n<tbody>\n<tr>\n<td rowspan=\"4\" width=\"150\"><a href=\"http:\/\/fogamico.com.mx\/wp-content\/uploads\/2019\/06\/hilda.jpg\"><img loading=\"lazy\" class=\"alignright size-full wp-image-595\" src=\"http:\/\/fogamico.com.mx\/wp-content\/uploads\/2019\/06\/hilda.jpg\" alt=\"\" width=\"447\" height=\"512\" \/><\/a><\/td>\n<td style=\"text-align: right;\">Nombre:<\/td>\n<td>Hilda Martha Coronado Delgado<\/td>\n<\/tr>\n<tr>\n<td style=\"text-align: right;\">Direcci\u00f3n:<\/td>\n<td>Pte. Ju\u00e1rez #1004-A, Prol. Progreso, Nva. Rosita, Coahuila.<\/td>\n<\/tr>\n<tr>\n<td style=\"text-align: right;\">Tel\u00e9fono:<\/td>\n<td>01 (861) 688-01-71 \/\/ 688-01-71<\/td>\n<\/tr>\n<tr>\n<td style=\"text-align: right;\">Nivel:<\/td>\n<td>SM02<\/td>\n<\/tr>\n<\/tbody>\n<\/table>\n","protected":false},"excerpt":{"rendered":"<p>Nombre: Ing. y Lic. Luis Fernando Santos Flores. Direcci\u00f3n: Pte. Ju\u00e1rez #1004-A, Prol. Progreso, Nva. Rosita, Coahuila. Tel\u00e9fono: 01 (861) 688-01-68 Nivel: MMS02 Nombre: Lic. Juan Rodr\u00edguez Mart\u00ednez. Direcci\u00f3n: Pte. Ju\u00e1rez #1004-A, Prol. Progreso, Nva. Rosita, Coahuila. Tel\u00e9fono: 01 (861) 688-01-68 Nivel: MM05 Nombre: C.P. C\u00e9sar Rendon Tea. Direcci\u00f3n: Pte. Ju\u00e1rez #1004-A, Prol. Progreso, Nva. Rosita, Coahuila. Tel\u00e9fono: 01 (861)<\/p>\n","protected":false},"author":1,"featured_media":0,"parent":5,"menu_order":0,"comment_status":"open","ping_status":"open","template":"","meta":[],"_links":{"self":[{"href":"http:\/\/fogamico.com.mx\/index.php?rest_route=\/wp\/v2\/pages\/42"}],"collection":[{"href":"http:\/\/fogamico.com.mx\/index.php?rest_route=\/wp\/v2\/pages"}],"about":[{"href":"http:\/\/fogamico.com.mx\/index.php?rest_route=\/wp\/v2\/types\/page"}],"author":[{"embeddable":true,"href":"http:\/\/fogamico.com.mx\/index.php?rest_route=\/wp\/v2\/users\/1"}],"replies":[{"embeddable":true,"href":"http:\/\/fogamico.com.mx\/index.php?rest_route=%2Fwp%2Fv2%2Fcomments&post=42"}],"version-history":[{"count":31,"href":"http:\/\/fogamico.com.mx\/index.php?rest_route=\/wp\/v2\/pages\/42\/revisions"}],"predecessor-version":[{"id":1001,"href":"http:\/\/fogamico.com.mx\/index.php?rest_route=\/wp\/v2\/pages\/42\/revisions\/1001"}],"up":[{"embeddable":true,"href":"http:\/\/fogamico.com.mx\/index.php?rest_route=\/wp\/v2\/pages\/5"}],"wp:attachment":[{"href":"http:\/\/fogamico.com.mx\/index.php?rest_route=%2Fwp%2Fv2%2Fmedia&parent=42"}],"curies":[{"name":"wp","href":"https:\/\/api.w.org\/{rel}","templated":true}]}}