{"id":835,"date":"2021-08-06T15:11:20","date_gmt":"2021-08-06T15:11:20","guid":{"rendered":"http:\/\/fogamico.com.mx\/?page_id=835"},"modified":"2022-05-16T13:49:37","modified_gmt":"2022-05-16T13:49:37","slug":"ejercicio-2021","status":"publish","type":"page","link":"http:\/\/fogamico.com.mx\/?page_id=835","title":{"rendered":"EJERCICIO 2021"},"content":{"rendered":"<ul style=\"list-style-type: square;\">\n<li><a href=\"http:\/\/fogamico.com.mx\/2021\/IAGF21-1.pdf\" target=\"_blank\" rel=\"noopener noreferrer\">Informe de Avance de Gesti\u00f3n Financiera PRIMER TRIMESTRE.<\/a>\n<ul style=\"list-style-type: square;\">\n<li><a href=\"http:\/\/fogamico.com.mx\/2021\/ACUSE-1.pdf\" target=\"_blank\" rel=\"noopener noreferrer\">ACUSE.<\/a><\/li>\n<\/ul>\n<\/li>\n<li><a href=\"http:\/\/fogamico.com.mx\/2021\/IAGF21-2.pdf\" target=\"_blank\" rel=\"noopener noreferrer\">Informe de Avance de Gesti\u00f3n Financiera SEGUNDO TRIMESTRE.<\/a><\/li>\n<li><a href=\"http:\/\/fogamico.com.mx\/2021\/Cuenta_Publica_2021.pdf\" target=\"_blank\" rel=\"noopener\">CUENTA P\u00daBLICA ANUAL<\/a><\/li>\n<\/ul>\n\n\n<p><\/p>\n","protected":false},"excerpt":{"rendered":"<p>Informe de Avance de Gesti\u00f3n Financiera PRIMER TRIMESTRE. ACUSE. Informe de Avance de Gesti\u00f3n Financiera SEGUNDO TRIMESTRE. CUENTA P\u00daBLICA ANUAL<\/p>\n","protected":false},"author":1,"featured_media":0,"parent":105,"menu_order":0,"comment_status":"closed","ping_status":"closed","template":"","meta":[],"_links":{"self":[{"href":"http:\/\/fogamico.com.mx\/index.php?rest_route=\/wp\/v2\/pages\/835"}],"collection":[{"href":"http:\/\/fogamico.com.mx\/index.php?rest_route=\/wp\/v2\/pages"}],"about":[{"href":"http:\/\/fogamico.com.mx\/index.php?rest_route=\/wp\/v2\/types\/page"}],"author":[{"embeddable":true,"href":"http:\/\/fogamico.com.mx\/index.php?rest_route=\/wp\/v2\/users\/1"}],"replies":[{"embeddable":true,"href":"http:\/\/fogamico.com.mx\/index.php?rest_route=%2Fwp%2Fv2%2Fcomments&post=835"}],"version-history":[{"count":13,"href":"http:\/\/fogamico.com.mx\/index.php?rest_route=\/wp\/v2\/pages\/835\/revisions"}],"predecessor-version":[{"id":885,"href":"http:\/\/fogamico.com.mx\/index.php?rest_route=\/wp\/v2\/pages\/835\/revisions\/885"}],"up":[{"embeddable":true,"href":"http:\/\/fogamico.com.mx\/index.php?rest_route=\/wp\/v2\/pages\/105"}],"wp:attachment":[{"href":"http:\/\/fogamico.com.mx\/index.php?rest_route=%2Fwp%2Fv2%2Fmedia&parent=835"}],"curies":[{"name":"wp","href":"https:\/\/api.w.org\/{rel}","templated":true}]}}