{"id":878,"date":"2022-05-16T13:22:51","date_gmt":"2022-05-16T13:22:51","guid":{"rendered":"http:\/\/fogamico.com.mx\/?page_id=878"},"modified":"2023-05-10T18:16:15","modified_gmt":"2023-05-10T18:16:15","slug":"ejercicio-2022","status":"publish","type":"page","link":"http:\/\/fogamico.com.mx\/?page_id=878","title":{"rendered":"EJERCICIO 2022"},"content":{"rendered":"\n<ul><li><a href=\"http:\/\/fogamico.com.mx\/2022\/IAGF_2022.pdf\" data-type=\"URL\" data-id=\"http:\/\/fogamico.com.mx\/2022\/IAGF_2022.pdf\">Avance de Gesti\u00f3n Financiera PRIMER trimestre de 2022<\/a><\/li><li><a rel=\"noreferrer noopener\" href=\"http:\/\/fogamico.com.mx\/2022\/IAGF_2022_2.pdf\" data-type=\"URL\" data-id=\"http:\/\/fogamico.com.mx\/2022\/IAGF_2022_2.pdf\" target=\"_blank\">Avance de Gesti\u00f3n Financiera SEGUNDO trimestre de 2022<\/a><\/li><li><a href=\"http:\/\/fogamico.com.mx\/2022\/3er_Trimestre.pdf\">Avance de Gesti\u00f3n Financiera TERCER trimestre de 2022<\/a><\/li><li><a rel=\"noreferrer noopener\" href=\"http:\/\/fogamico.com.mx\/2022\/IAGF_4_trim.pdf\" target=\"_blank\">Avance de Gesti\u00f3n Financiera CUARTO trimestre de 2022<\/a><\/li><li><a href=\"http:\/\/fogamico.com.mx\/2022\/Cta_Publica_Anual.pdf\" data-type=\"URL\" data-id=\"fogamico.com.mx\/2022\/Cta_Publica_Anual.pdf\" target=\"_blank\" rel=\"noreferrer noopener\">CUENTA P\u00daBLICA ANUAL 2022<\/a><\/li><\/ul>\n\n\n\n<p><\/p>\n","protected":false},"excerpt":{"rendered":"<p>Avance de Gesti\u00f3n Financiera PRIMER trimestre de 2022 Avance de Gesti\u00f3n Financiera SEGUNDO trimestre de 2022 Avance de Gesti\u00f3n Financiera TERCER trimestre de 2022 Avance de Gesti\u00f3n Financiera CUARTO trimestre de 2022 CUENTA P\u00daBLICA ANUAL 2022<\/p>\n","protected":false},"author":1,"featured_media":0,"parent":105,"menu_order":0,"comment_status":"closed","ping_status":"closed","template":"","meta":[],"_links":{"self":[{"href":"http:\/\/fogamico.com.mx\/index.php?rest_route=\/wp\/v2\/pages\/878"}],"collection":[{"href":"http:\/\/fogamico.com.mx\/index.php?rest_route=\/wp\/v2\/pages"}],"about":[{"href":"http:\/\/fogamico.com.mx\/index.php?rest_route=\/wp\/v2\/types\/page"}],"author":[{"embeddable":true,"href":"http:\/\/fogamico.com.mx\/index.php?rest_route=\/wp\/v2\/users\/1"}],"replies":[{"embeddable":true,"href":"http:\/\/fogamico.com.mx\/index.php?rest_route=%2Fwp%2Fv2%2Fcomments&post=878"}],"version-history":[{"count":11,"href":"http:\/\/fogamico.com.mx\/index.php?rest_route=\/wp\/v2\/pages\/878\/revisions"}],"predecessor-version":[{"id":941,"href":"http:\/\/fogamico.com.mx\/index.php?rest_route=\/wp\/v2\/pages\/878\/revisions\/941"}],"up":[{"embeddable":true,"href":"http:\/\/fogamico.com.mx\/index.php?rest_route=\/wp\/v2\/pages\/105"}],"wp:attachment":[{"href":"http:\/\/fogamico.com.mx\/index.php?rest_route=%2Fwp%2Fv2%2Fmedia&parent=878"}],"curies":[{"name":"wp","href":"https:\/\/api.w.org\/{rel}","templated":true}]}}