{"id":934,"date":"2023-05-10T18:08:57","date_gmt":"2023-05-10T18:08:57","guid":{"rendered":"http:\/\/fogamico.com.mx\/?page_id=934"},"modified":"2024-05-07T02:26:27","modified_gmt":"2024-05-07T02:26:27","slug":"ejercicio-2023","status":"publish","type":"page","link":"http:\/\/fogamico.com.mx\/?page_id=934","title":{"rendered":"Ejercicio 2023"},"content":{"rendered":"\n<p class=\"has-medium-font-size\"><a rel=\"noreferrer noopener\" href=\"http:\/\/fogamico.com.mx\/2023\/IAGF_1er_trim_2023.pdf\" data-type=\"URL\" data-id=\"fogamico.com.mx\/2023\/IAGF_1er_trim_2023.pdf\" target=\"_blank\">Avance de Gesti\u00f3n Financiera al PRIMER Trimestre<\/a><\/p>\n\n\n\n<p class=\"has-medium-font-size\"><a rel=\"noreferrer noopener\" href=\"http:\/\/www.fogamico.com.mx\/2023\/IAGF_2ndo_trim_2023.pdf\" target=\"_blank\">Avance de Gesti\u00f3n Financiera al SEGUNDO trimestre.<\/a><\/p>\n\n\n\n<p class=\"has-medium-font-size\"><a href=\"http:\/\/fogamico.com.mx\/2023\/IAGF_3er_trim_2023.pdf\" target=\"_blank\" rel=\"noreferrer noopener\">Avance de Gesti\u00f3n Financiera al TERCER trimestre.<\/a><\/p>\n\n\n\n<p class=\"has-medium-font-size\"><a href=\"http:\/\/Fogamico.com.mx\/2023\/IAGF_4to_trim_2023.pdf\">Avance de Gestion Financiera al CUARTO Trimestre<\/a><\/p>\n\n\n\n<p class=\"has-medium-font-size\"><a href=\"http:\/\/fogamico.com.mx\/2023\/Cta_Pub_Anual.pdf\" target=\"_blank\" rel=\"noreferrer noopener\">CUENTA P\u00daBLICA ANUAL<\/a><\/p>\n","protected":false},"excerpt":{"rendered":"<p>Avance de Gesti\u00f3n Financiera al PRIMER Trimestre Avance de Gesti\u00f3n Financiera al SEGUNDO trimestre. Avance de Gesti\u00f3n Financiera al TERCER trimestre. Avance de Gestion Financiera al CUARTO Trimestre CUENTA P\u00daBLICA ANUAL<\/p>\n","protected":false},"author":1,"featured_media":0,"parent":105,"menu_order":0,"comment_status":"closed","ping_status":"closed","template":"","meta":[],"_links":{"self":[{"href":"http:\/\/fogamico.com.mx\/index.php?rest_route=\/wp\/v2\/pages\/934"}],"collection":[{"href":"http:\/\/fogamico.com.mx\/index.php?rest_route=\/wp\/v2\/pages"}],"about":[{"href":"http:\/\/fogamico.com.mx\/index.php?rest_route=\/wp\/v2\/types\/page"}],"author":[{"embeddable":true,"href":"http:\/\/fogamico.com.mx\/index.php?rest_route=\/wp\/v2\/users\/1"}],"replies":[{"embeddable":true,"href":"http:\/\/fogamico.com.mx\/index.php?rest_route=%2Fwp%2Fv2%2Fcomments&post=934"}],"version-history":[{"count":10,"href":"http:\/\/fogamico.com.mx\/index.php?rest_route=\/wp\/v2\/pages\/934\/revisions"}],"predecessor-version":[{"id":1035,"href":"http:\/\/fogamico.com.mx\/index.php?rest_route=\/wp\/v2\/pages\/934\/revisions\/1035"}],"up":[{"embeddable":true,"href":"http:\/\/fogamico.com.mx\/index.php?rest_route=\/wp\/v2\/pages\/105"}],"wp:attachment":[{"href":"http:\/\/fogamico.com.mx\/index.php?rest_route=%2Fwp%2Fv2%2Fmedia&parent=934"}],"curies":[{"name":"wp","href":"https:\/\/api.w.org\/{rel}","templated":true}]}}